16.
21
-6 (base 15) to base 6
-10
3 (base 7) to base 5
3
-1 (base 3) to base 15
-1
2 (base 10) to base 15
2
-40 (base 14) to base 9
-62
130 (base 14) to base 13
154
What is 110001 (base 3) in base 12?
231
-2 (base 7) to base 3
-2
Convert -1 (base 5) to base 10.
-1
101110 (base 2) to base 9
51
0 (base 5) to base 15
0
Convert -64 (base 7) to base 16.
-2e
What is -77 (base 10) in base 8?
-115
-11100000 (base 2) to base 10
-224
Convert 3 (base 11) to base 7.
3
-330 (base 5) to base 6
-230
What is -99 (base 10) in base 16?
-63
What is 30 (base 12) in base 7?
51
-6 (base 12) to base 8
-6
-10 (base 3) to base 8
-3
-38 (base 16) to base 10
-56
222 (base 11) to base 15
12b
Convert 1002 (base 3) to base 5.
104
Convert -10120 (base 3) to base 10.
-96
What is 0 (base 11) in base 7?
0
What is 1 (base 16) in base 10?
1
8e (base 15) to base 16
86
-3 (base 12) to base 2
-11
100 (base 12) to base 7
264
-1140 (base 5) to base 9
-208
What is 10 (base 4) in base 15?
4
Convert 2 (base 13) to base 7.
2
Convert -2b (base 16) to base 8.
-53
-8 (base 11) to base 2
-1000
c (base 15) to base 10
12
-4 (base 14) to base 3
-11
What is -1010 (base 3) in base 11?
-28
Convert 444 (base 6) to base 10.
172
Convert -67 (base 14) to base 7.
-160
-344 (base 5) to base 10
-99
What is -a8 (base 11) in base 13?
-91
212 (base 7) to base 3
10222
Convert 1 (base 3) to base 12.
1
What is 2 (base 7) in base 3?
2
-2 (base 9) to base 10
-2
What is 2 (base 4) in base 2?
10
What is 100 (base 4) in base 13?
13
9 (base 16) to base 3
100
3 (base 10) to base 12
3
2 (base 7) to base 6
2
What is -110 (base 2) in base 5?
-11
What is 0 (base 3) in base 5?
0
Convert 53 (base 16) to base 4.
1103
What is -47 (base 8) in base 11?
-36
What is -1 (base 13) in base 15?
-1
Convert -1011111 (base 2) to base 16.
-5f
Convert 20 (base 8) to base 15.
11
What is -5 (base 15) in base 9?
-5
-3 (base 10) to base 4
-3
What is -53 (base 11) in base 12?
-4a
What is 11100 (base 2) in base 11?
26
Convert 4 (base 15) to base 2.
100
What is -2d (base 15) in base 4?
-223
What is 5 (base 6) in base 3?
12
What is 3 (base 5) in base 4?
3
9 (base 13) to base 11
9
Convert 11 (base 4) to base 14.
5
What is -2 (base 8) in base 16?
-2
-134 (base 9) to base 6
-304
Convert 122 (base 3) to base 5.
32
Convert 132 (base 4) to base 7.
42
Convert -10 (base 3) to base 10.
-3
14 (base 14) to base 3
200
Convert 4 (base 12) to base 6.
4
-20 (base 9) to base 6
-30
What is 13 (base 5) in base 8?
10
What is -3 (base 6) in base 16?
-3
Convert -25 (base 16) to base 14.
-29
What is 6 (base 12) in base 6?
10
What is -142 (base 11) in base 10?
-167
Convert 5 (base 16) to base 14.
5
Convert 2 (base 14) to base 13.
2
What is -1 (base 7) in base 16?
-1
-22 (base 16) to base 3
-1021
Convert -16 (base 15) to base 5.
-41
What is -2 (base 4) in base 3?
-2
19 (base 15) to base 16
18
-2001 (base 5) to base 11
-209
22 (base 4) to base 15
a
4 (base 9) to base 13
4
8 (base 14) to base 12
8
-101 (base 4) to base 13
-14
Convert -110 (base 11) to base 16.
-84
What is -32 (base 4) in base 9?
-15
2020 (base 4) to base 13
a6
What is 102 (base 3) in base 15?
b
-23 (base 8) to base 9
-21
1101 (base 3) to base 6
101
Convert 56 (base 7) to base 8.
51
What is 2 (base 14) in base 10?
2
Convert -4 (base 15) to base 7.
-4
3 (base 9) to base 10
3
Convert 4 (base 6) to base 16.
4
Convert 4 (base 15) to base 7.
4
What is 0 (base 7) in base 10?
0
What is 8 (base 16) in base 5?
13
-6 (base 15) to base 7
-6
-9 (base 11) to base 13
-9
-233 (base 4) to base 9
-52
Convert -14 (base 12) to base 5.
-31
What is 3c (base 14) in base 8?
66
-20 (base 10) to base 11
-19
3 (base 6) to base 16
3
Convert -201 (base 4) to base 9.
-36
-2030 (base 5) to base 13
-175
What is 53 (base 8) in base 15?
2d
Convert 14 (base 16) to base 10.
20
2 (base 16) to base 2
10
What is -1102 (base 3) in base 14?
-2a
Convert -5 (base 13) to base 10.
-5
What is -1 (base 4) in base 14?
-1
Convert 0 (base 4) to base 12.
0
Convert -11 (base 2) to base 7.
-3
Convert 194 (base 10) to base 4.
3002
Convert 7 (base 10) to base 16.
7
6 (base 9) to base 2
110
What is 3 (base 7) in base 2?
11
0 (base 14) to base 6
0
What is -1020 (base 4) in base 2?
-1001000
Convert 23 (base 12) to base 7.
36
3 (base 13) to base 14
3
What is 2202 (base 4) in base 2?
10100010
What is -30 (base 5) in base 6?
-23
What is -43 (base 13) in base 9?
-61
-3 (base 4) to base 2
-11
Convert 35 (base 6) to base 12.
1b
What is -142 (base 5) in base 4?
-233
What is -12 (base 5) in base 13?
-7
What is -23 (base 9) in base 15?
-16
What is -20 (base 13) in base 12?
-22
201 (base 3) to base 9
21
What is -aa (base 12) in base 16?
-82
What is -2b (base 12) in base 11?
-32
16 (base 12) to base 10
18
What is 1 (base 3) in base 4?
1
What is -263 (base 7) in base 16?
-8f
Convert 90 (base 16) to base 8.
220
What is b (base 15) in base 2?
1011
What is -5 (base 16) in base 6?
-5
-11 (base 6) to base 14
-7
Convert 86 (base 11) to base 4.
1132
What is -1 (base 6) in base 12?
-1
What is -102 (base 3) in base 4?
-23
2 (base 15) to base 16
2
What is 1 (base 8) in base 2?
1
23 (base 4) to base 7
14
4b (base 12) to base 2
111011
What is -6 (base 12) in base 4?
-12
What is 0 (base 8) in base 13?
0
1 (base 13) to base 7
1
313 (base 4) to base 14
3d
Convert -2 (base 7) to base 6.
-2
What is -6 (base 7) in base 15?
-6
What is -110 (base 2) in base 8?
-6
What is 3 (base 11) in base 8?
3
Convert aa (base 14) to base 12.
106
What is -130 (base 7) in base 5?
-240
-1010 (base 4) to base 15
-48
What is 17 (base 9) in base 6?
24
-1101111 (base 2) to base 9
-133
Convert -a (base 15) to base 9.
-11
What is -2 (base 14) in base 11?
-2
Convert 12 (base 5) to base 10.
7
What is 7 (base 15) in base 9?
7
4 (base 13) to base 9
4
-4 (base 7) to base 14
-4
Convert 5 (base 9) to base 15.
5
-4 (base 8) to base 5
-4
447 (base 8) to base 7
601
What is -17a (base 13) in base 14?
-154
Convert -212 (base 3) to base 7.
-32
0 (base 16) to base 6
0
What is 94 (base 16) in base 7?
301
-20 (base 11) to base 3
-211
What is 120010 (base 3) in base 4?
12120
What is -45 (base 14) in base 13?
-49
-c (base 15) to base 2
-1100
What is 210 (base 9) in base 14?
c3
-76 (base 13) to base 4
-1201
Convert -18 (base 15) to base 7.
-32
What is -2d (base 15) in base 2?
-101011
What is 3 (base 14) in base 13?
3
What is 12 (base 6) in base 10?
8
-155 (base 6) to base 4
-1013
What is 4 (base 6) in base 2?
100
What is 1011 (base 2) in base 13?
b
24 (base 8) to base 12
18
Convert 10 (base 10) to base 7.
13
5 (base 7) to base 12
5
-3 (base 10) to base 12
-3
Convert 17d (base 15) to base 12.
247
What is 66 (base 8) in base 6?
130
What is -1 (base 15) in base 14?
-1
What is 15 (base 8) in base 6?
21
-83 (base 15) to base 3
-11120
What is -46 (base 9) in base 8?
-52
18 (base 15) to base 5
43
What is -110001 (base 2) in base 9?
-54
What is 21 (base 11) in base 15?
18
33 (base 9) to base 7
42
2 (base 10) to base 15
2
-69 (base 16) to base 13
-81
Convert 222 (base 5) to base 15.
42
Convert 20220 (base 3) to base 7.
354
-2 (base 12) to base 7
-2
Convert -23 (base 12) to base 8.
-33
Convert -202 (base 4) to base 14.
-26
a4 (base 14) to base 11
121
11011 (base 2) to base 7
36
What is 5 (base 10) in base 6?
5
What is -1 (base 4) in base 16?
-1
Convert 63 (base 12) to base 11.
69
Convert 17 (base 14) to base 11.
1a
What is -5 (base 8) in base 16?
-5
Convert 1 (base 10) to base 9.
1
Convert 1110 (base 2) to base 13.
11
Convert -1002 (base 3) to base 13.
-23
-1 (base 4) to base 7
-1
Convert 0 (base 3) to base 9.
0
2 (base 8) to base 2
10
Convert -77 (base 16) to base 4.
-1313
What is -101 (base 2) in base 13?
-5
What is -100000 (base 2) in base 7?
-44
Convert -10 (base 12) to base 11.
-11
164 (base 11) to base 6
515
What is 0 (base 10) in base 12?
0
What is -2 (base 15) in base 8?
-2
101 (base 4) to base 14
13
What is -20 (base 4) in base 9?
-8
Convert -1 (base 13) to base 16.
-1
What is -513 (base 8) in base 10?
-331
What is -1 (base 4) in base 7?
-1
-45 (base 10) to base 6
-113
What is -57 (base 12) in base 6?
-151
Convert 8 (base 12) to base 15.
8
Convert 20 (base 16) to base 8.
40
What is -39 (base 11) in base 3?
-1120
Convert -38 (base 9) to base 16.
-23
10 (base 2) to base 14
2
dc (base 14) to base 5
1234
What is -131 (base 14) in bas